and 1117598?
706
Calculate the greatest common factor of 304 and 62548.
76
What is the greatest common divisor of 266 and 44422?
266
What is the highest common factor of 19074 and 18?
6
What is the greatest common factor of 902 and 9758?
82
Calculate the highest common factor of 21 and 771.
3
Calculate the highest common divisor of 137250 and 300.
150
What is the highest common factor of 1050456 and 2376?
264
Calculate the greatest common factor of 1045 and 95315.
55
Calculate the highest common factor of 6910 and 490.
10
Calculate the greatest common divisor of 6 and 280146.
6
What is the greatest common factor of 10890 and 1573?
121
What is the highest common factor of 18284 and 616?
28
What is the greatest common factor of 31 and 1332349?
31
Calculate the greatest common divisor of 72126 and 18.
18
Calculate the highest common factor of 67539 and 564.
141
What is the highest common divisor of 360 and 1470?
30
Calculate the highest common factor of 38 and 646836.
38
Calculate the greatest common divisor of 1863 and 460.
23
Calculate the greatest common divisor of 2245034 and 968.
242
What is the greatest common factor of 15949 and 41?
41
Calculate the highest common divisor of 34866 and 351.
117
What is the greatest common factor of 104 and 862849?
13
Calculate the greatest common divisor of 428 and 13375.
107
Calculate the greatest common divisor of 817973 and 13.
13
What is the highest common factor of 17433 and 19773?
117
What is the greatest common factor of 39138 and 7392?
66
Calculate the greatest common divisor of 767364 and 2184.
156
Calculate the highest common divisor of 792594 and 1188.
198
What is the highest common divisor of 611 and 25047334?
611
What is the greatest common divisor of 22 and 28831?
11
Calculate the highest common divisor of 313911 and 2652.
39
What is the greatest common factor of 2001 and 14529?
87
Calculate the highest common divisor of 16328 and 1365.
13
Calculate the greatest common factor of 64 and 108352.
64
Calculate the highest common divisor of 403 and 234546.
403
Calculate the highest common divisor of 6745 and 1.
1
What is the greatest common factor of 80 and 4128560?
80
What is the greatest common factor of 4392 and 3732?
12
Calculate the greatest common factor of 574 and 1066.
82
What is the highest common divisor of 90 and 574884?
18
What is the greatest common divisor of 131 and 179601?
131
What is the greatest common divisor of 8213 and 2483?
191
What is the greatest common divisor of 15 and 654735?
15
Calculate the highest common divisor of 46604 and 11078.
382
Calculate the greatest common divisor of 2736 and 3303.
9
What is the highest common divisor of 644 and 1687924?
644
Calculate the greatest common divisor of 80 and 548592.
16
Calculate the greatest common divisor of 91400 and 55754.
914
Calculate the highest common divisor of 3402 and 483.
21
Calculate the greatest common factor of 21432 and 15960.
456
What is the highest common divisor of 2464 and 353892?
308
Calculate the greatest common factor of 35048 and 1716.
52
What is the greatest common factor of 64 and 115888?
16
What is the highest common divisor of 908 and 892337?
227
Calculate the highest common factor of 3352 and 16.
8
Calculate the highest common factor of 56490 and 12.
6
What is the highest common factor of 263 and 112?
1
What is the greatest common factor of 1912730 and 38?
38
Calculate the greatest common divisor of 71 and 87827.
71
What is the highest common factor of 20851 and 319?
29
Calculate the greatest common factor of 40590 and 2542.
82
Calculate the highest common factor of 4147435 and 435.
145
What is the highest common factor of 49848 and 124?
124
What is the greatest common factor of 327504 and 2064?
48
Calculate the greatest common factor of 102505 and 415.
415
Calculate the highest common factor of 152 and 47557.
19
What is the greatest common divisor of 369828 and 36?
36
What is the highest common factor of 63138 and 119?
17
What is the highest common divisor of 112935 and 255?
15
What is the greatest common factor of 3034656 and 16962?
1542
What is the greatest common factor of 46 and 13294?
46
What is the highest common factor of 41861 and 6027?
41
What is the highest common factor of 630 and 288540?
630
What is the greatest common divisor of 1898967 and 651?
651
Calculate the greatest common factor of 34 and 1067158.
34
What is the greatest common divisor of 3059 and 399?
133
Calculate the greatest common divisor of 3074 and 17052.
58
Calculate the highest common divisor of 146978 and 78.
26
What is the greatest common factor of 14638 and 1066?
26
Calculate the greatest common factor of 460290 and 18090.
2010
What is the greatest common factor of 5445 and 243?
9
Calculate the greatest common factor of 202445 and 95.
95
What is the highest common factor of 47744 and 80?
16
What is the greatest common divisor of 50850 and 11925?
225
Calculate the greatest common factor of 149 and 292.
1
What is the highest common factor of 4556 and 47168?
268
Calculate the greatest common divisor of 10 and 302790.
10
Calculate the greatest common factor of 391032 and 504.
72
Calculate the greatest common divisor of 2875 and 4715.
115
What is the greatest common divisor of 208820 and 1325?
265
Calculate the highest common divisor of 215 and 105221.
43
What is the highest common factor of 145 and 928435?
145
Calculate the highest common divisor of 115 and 468487.
23
What is the greatest common factor of 2940 and 17280?
60
Calculate the greatest common factor of 144 and 20912.
16
What is the greatest common factor of 9 and 38244?
3
Calculate the highest common factor of 414 and 1053676.
46
What is the greatest common divisor of 2418420 and 3570?
510
Calculate the greatest common divisor of 1074 and 232521.
537
Calculate the highest common factor of 519832 and 4344.
1448
Calculate the highest common divisor of 9761 and 473.
43
Calculate the greatest common factor of 155 and 15283.
31
Calculate the greatest common divisor of 858 and 96954.
858
What is the greatest common factor of 3100 and 8308?
124
Calculate the highest common divisor of 1643 and 183427.
31
Calculate the highest common factor of 39 and 583817.
13
What is the greatest common factor of 24 and 6712?
8
Calculate the greatest common factor of 8580 and 1485.
165
What is the greatest common divisor of 10 and 25405?
5
What is the highest common factor of 992 and 837?
31
Calculate the greatest common factor of 120 and 72330.
30
Calculate the highest common factor of 27 and 176517.
9
Calculate the highest common factor of 93 and 353152.
31
What is the highest common divisor of 178 and 1348528?
178
What is the highest common divisor of 5068 and 24616?
724
Calculate the highest common factor of 4364720 and 160.
80
What is the highest common factor of 820902 and 1353?
123
Calculate the highest common divisor of 255 and 213690.
255
Calculate the greatest common factor of 42 and 865970.
14
What is the greatest common factor of 53026 and 46?
2
Calculate the highest common divisor of 1475 and 3835.
295
What is the greatest common divisor of 325 and 9400?
25
Calculate the greatest common factor of 100 and 135500.
100
What is the greatest common divisor of 1592 and 8080?
8
What is the greatest common factor of 97 and 191?
1
What is the highest common factor of 33 and 13722027?
33
What is the greatest common divisor of 5 and 334965?
5
Calculate the highest common divisor of 87 and 271353.
87
Calculate the highest common divisor of 2826 and 1746.
18
What is the highest common divisor of 253 and 2893?
11
Calculate the highest common divisor of 171 and 565497.
171
What is the greatest common factor of 23625 and 165?
15
What is the greatest common divisor of 378 and 3213?
189
What is the highest common factor of 966 and 213654?
42
Calculate the highest common factor of 64949 and 107.
107
What is the highest common divisor of 592 and 15244?
148
What is the highest common divisor of 10830 and 2160?
30
What is the highest common divisor of 1092 and 27612?
156
Calculate the greatest common divisor of 68 and 69652.
4
Calculate the highest common divisor of 155924 and 3672.
68
Calculate the highest common factor of 205098 and 12.
6
What is the greatest common factor of 14125 and 11